+ 26 + 2 = 2*n. Let v = n + 20. Let s = v + 0. What is the units digit of s?
9
Suppose o = -5*v + 4170, 5*o = -v + 2*v + 20746. What is the thousands digit of o?
4
Let b = -4615 - -7254. What is the hundreds digit of b?
6
Let x be (-9)/(-6) - (-594)/44. Suppose u - x*r - 1305 = -20*r, -2*u + 2622 = -2*r. What is the hundreds digit of u?
3
Suppose -3*h = -p - 821, 0 = -2*h - 31*p + 35*p + 544. Suppose 3*u + 2*u = 10. Suppose -137 = -b + 4*r, -u*r = 2*b - 0*r - h. What is the units digit of b?
7
Let v(t) = 16*t**3 - 12*t**2 + 58*t - 4. Let f be v(7). Suppose -3*j - 901 = -f. What is the tens digit of j?
6
Let i = -40 + 206. Let t = i + 0. What is the hundreds digit of t?
1
Let q(g) = g**3 + 10*g**2 + 2*g - 91. Let v be q(-9). Let w = 1291 + v. What is the hundreds digit of w?
2
What is the thousands digit of (-13 - (14 + -19)) + (-12414)/(-2)?
6
Let q(d) = -3*d + 3. Let u be q(-8). Let s = u - -123. Let m = s - 69. What is the units digit of m?
1
Let f(o) = -7*o**3 - o**2 + 3*o + 6. Let v be f(-2). Let p = v + -48. Suppose 868 = p*h + 4*r, -h = -3*r + 8*r - 237. What is the units digit of h?
2
Suppose 3*l = -p - 320, -2*l + 7*p - 232 = 3*p. Let i = 434 + l. What is the hundreds digit of i?
3
Suppose 4*a + 2*v + 466 = 0, 2*a + 173 = 2*v - 75. Let n be 3346/a - ((-2)/17)/1. What is the tens digit of 296/14 + n/196?
2
Suppose -4*o = -5*r - 0*o + 7, -4*o - 10 = -2*r. Let w be (r/3)/(355/90 - 4). Suppose -70 = -2*m - 3*l, -l + 38 = 2*m - w*l. What is the units digit of m?
9
What is the hundreds digit of 10 + (-1677160)/(-43 - -20)?
9
Suppose 193*c = 191*c + 5612. Let v = -1919 + c. What is the units digit of v?
7
Let f = 2680 - 2265. What is the tens digit of f?
1
Let p = 53 + -51. Let i(k) = 3*k + k**p + 15*k**3 - 65*k**3 - 23*k**3 - 7 + 9. What is the tens digit of i(-1)?
7
Let f = 129 - 124. Suppose 3*m - 8*m = 5*v - 1770, 3*m + f*v - 1054 = 0. What is the hundreds digit of m?
3
What is the thousands digit of (-273718)/(-15) - 4/90*69/(-23)?
8
Suppose -5*j - 3*p - p = -14, 3*j = 5*p + 38. Suppose y - j = -2*y. Suppose 3*r - 78 = 3*q, 3*r - y*q + q = 68. What is the units digit of r?
1
Let o be (-55)/11*(-1 + 0). Suppose -3*f + 14 = l, 0 = -0*l - o*l + 4*f + 127. Suppose l*h - 22*h = 108. What is the units digit of h?
8
Let z(o) = 4*o**3 - 17 + 27 - 11*o**2 - 6*o**3 - 16*o. What is the units digit of z(-7)?
9
Let h(t) = 2*t**3 + 11*t**2 - 9*t - 8. Let p be h(-6). What is the thousands digit of p/(-6 + (-13024)/(-2168))?
1
What is the thousands digit of 162 - -2735 - (-1 - 3)/2?
2
What is the thousands digit of (-33906)/(-30) + (-69)/(-30) + (-30)/20?
1
Let l(k) be the second derivative of -k**5/10 - 25*k**4/12 + 2*k**3/3 - 8*k**2 - 164*k. What is the units digit of l(-15)?
9
Let q(o) = -736*o**3 + o**2 - 23*o - 52. What is the thousands digit of q(-2)?
5
Let q(g) = 18*g**2 + 4*g + 6. Let i be q(-5). Let j = i + -366. What is the tens digit of j?
7
Let l be ((-447)/(-6))/(8/(-16)). Let z = -82 - l. Let i = 7 + z. What is the tens digit of i?
7
What is the hundreds digit of ((-180782)/(-26) - 1) + (-77)/(-91) + -1?
9
Suppose 5*k + 4*p - 1397 = 0, -1116 = -2*k - 2*k - 4*p. Let m = k + 1106. What is the thousands digit of m?
1
Let a(k) = 4*k - 9. Let u be a(-3). Let r be 16/(-10)*(u - -11). Suppose 24*s - 25*s + r = 0. What is the units digit of s?
6
Suppose 2*h + 30 = 5*h. Suppose -7*y + h = -5*y. Suppose -w - 2*a = w + 4, -34 = -3*w + y*a. What is the units digit of w?
3
Let u(g) = -15*g**2 + 5*g - 15. Let a be u(3). Let r = -58 - a. What is the tens digit of r?
7
Let v(s) = s**3 + 9*s**2 - 12*s + 6. Suppose -14*w + 31 - 3 = 0. Let y be 4/(-1) - ((w - -2) + 0). What is the hundreds digit of v(y)?
1
Let y = 98 - -119. Let x = 445 - y. Suppose 2*t + x = 6*t. What is the units digit of t?
7
Let g(k) = 0*k - 31*k - 1 + 13 + 3*k**2. Let z be g(10). Suppose f - w = 141, -z*f - 62 = -w - 344. What is the hundreds digit of f?
1
Suppose -75*l - 318547 + 3219247 = 0. What is the units digit of l?
6
Let n be ((-6)/(-4))/(6/28). Suppose -n*t + 8 = 3*j - 3*t, 5*t = -5*j + 15. Let y = 2 + j. What is the units digit of y?
6
Suppose 4*n - 1 - 7 = -2*q, 0 = 2*q - 5*n + 19. What is the units digit of (-347)/q + (-1)/(-2)?
4
Suppose 758233 = 153*r - 20*r. What is the units digit of r?
1
Let o = -75 - -84. Let b(j) = -j**3 + 11*j**2 - 17*j - 9. Let c be b(o). Suppose n + 74 - 103 = c. What is the units digit of n?
9
Let h = 1008 + -512. Suppose -7*l - l = h. Let t = l + 109. What is the units digit of t?
7
What is the thousands digit of ((-380760)/45 + 6)/((-3)/9)?
5
Suppose 1247809 + 1010963 = 123*u. What is the ten thousands digit of u?
1
Let b(s) = s**3 + 7*s**2 - 19*s - 90. Let u be b(-8). Let g(m) be the third derivative of -m**4/4 - m**3 + m**2. What is the units digit of g(u)?
6
Let x = 22 + -17. Suppose -3*z - 10 = -5*o, -35 = -x*z + 4*o - 6*o. Suppose -5*b - z*r + 625 = 0, -2*r = -6*r + 12. What is the tens digit of b?
2
Let q = 7404 - 4300. What is the tens digit of q?
0
Suppose -10*w + 11*w = 44. Let h be (25/2)/(22/w). What is the units digit of 2545/h + 4/20?
2
Let p be (-8 + (11 - 8))*(-31)/5. What is the tens digit of p + 0 + 0 + 0?
3
Let f = 15873 - 2839. What is the hundreds digit of f?
0
Suppose 37670 = 22*a - 211040. What is the tens digit of a?
0
Suppose -3*w + 10483 = -2*t, 3*t + 4 = -2. What is the units digit of -3*(w/(-21) + 0)?
9
Let r = 4665 + 1749. Suppose -4152 = -18*o + r. What is the units digit of o?
7
Let j(r) = -14*r + 212. Let l = -692 - -675. What is the tens digit of j(l)?
5
Suppose 0 = 6*h - 20 - 10. Suppose -h*x - 234 = -7*x. What is the hundreds digit of x?
1
Let c(u) = u**2 - 4*u - 17. Let m be c(7). Suppose 6 = -4*g + 2*s, m = 3*g - 4*s + 21. What is the units digit of ((-55)/(-220))/(1046/(-1048) + g)?
1
Suppose -5*s - k = -29, 2*s - 5*k + 14 = 4. Let d be 1/5 - (-29)/s. Suppose 4*n + d*x - 140 = 4*x, -4*n = -5*x - 126. What is the units digit of n?
4
Let u = -391 + 394. Let k(b) = 96*b**2 - 7*b + 6. What is the hundreds digit of k(u)?
8
Let w = 319 + 9. Let y(q) = -3*q**2 + 5*q + 17. Let u be y(-8). Let b = w + u. What is the hundreds digit of b?
1
Let d(g) = -g**3 + g**2 - g + 6. Let x be d(2). Suppose v + x*v = 42. What is the units digit of v/5 - (-10)/(-25)?
8
Suppose -1 + 16 = 3*z. Suppose -3*c - 28 = -5*p + c, -p = z*c + 6. Suppose 5*a = p*v + 432, -5*v = -3*v + 6. What is the units digit of a?
4
Let h(c) = -19*c**2 - 5*c - 3*c**3 + 22 - 30 - 3*c. Let n be h(-6). Suppose n*p - 870 = -5*x + 85, 465 = 2*p + 5*x. What is the units digit of p?
5
Let l(t) = -47*t + 23. Suppose 11*m - 330 = 41*m. What is the hundreds digit of l(m)?
5
Suppose -h + 3*l = -393, 1 = -l - 2. Suppose 2*p = 27 - 1. Suppose h = -9*o + p*o. What is the units digit of o?
6
Let m be 3/6*(1261 + 1). Let d = -411 + m. What is the tens digit of d?
2
Let u = 5 + -1. Let j(v) = -v**2 + 45*v + 366. Let w be j(-7). Suppose 207 = w*p - 2*n + 59, u*p = -2*n + 308. What is the units digit of p?
6
Let n(p) = p**2 + 32*p + 3. Let t(m) = 11*m + 1. Let w(g) = 2*n(g) - 7*t(g). What is the tens digit of w(-8)?
3
Let i = -379 - -371. What is the units digit of i/(-6)*17640/16?
0
Suppose 3*y = 6*y + 2*t - 33, 5*t + 3 = 2*y. Suppose -14*h + 40 = -y*h. What is the units digit of 327/3 + (5 - h)?
6
What is the ten thousands digit of ((-799)/(-2))/(708/(-3672) + 4/18)?
1
Let n(a) = 2*a**2 - 4*a - 11. Let o be n(4). Let c(r) = -23 + 16 + o*r - r - 19. What is the tens digit of c(19)?
5
Let b(m) be the second derivative of -23*m - 1/12*m**4 + 0 + 3*m**2 + 1/10*m**5 - 1/3*m**3. What is the tens digit of b(3)?
4
Suppose -17*p + 80 = -56. What is the hundreds digit of (4 + 362/p)*4?
1
Suppose 61*h = 129*h - 86*h + 257796. What is the tens digit of h?
2
Let k(g) = g**2 - 17*g - 18. Let m be k(18). Suppose 5*u = 5*l - 130, -u + 124 + m = 5*l. What is the units digit of l?
5
Let q(i) = -401*i - 25. Let b be q(41). What is the hundreds digit of 3/(-21) - (-5 - b/(-14))?
1
Let f = 32322 + -29945. What is the thousands digit of f?
2
Let x(g) = -5 + 9*g + 55 + 6*g + 17*g + 41. What is the units digit of x(22)?
5
Let v = 890 - 805. What is the tens digit of v?
8
Let c(k) = 48*k - 351. What is the thousands digit of c(33)?
1
Suppose -336*h + 3*n + 91652 = -334*h, 4*h + 2*n - 183240 = 0